1
Convert -118 (base 9) to base 7.
-200
What is -1688 (base 9) in base 4?
-110033
What is 1000012 (base 5) in base 12?
9068
Convert -2373 (base 10) to base 14.
-c17
What is -3e8 (base 16) in base 14?
-516
-2066 (base 12) to base 10
-3534
What is -2b6 (base 15) in base 8?
-1155
Convert 121200 (base 3) to base 7.
1212
-100221100 (base 3) to base 10
-7245
What is 101221020 (base 3) in base 10?
7971
What is 11011001011000 (base 2) in base 3?
201002021
Convert 1471 (base 11) to base 13.
b28
What is 31152 (base 6) in base 5?
113142
101110011110 (base 2) to base 3
11002011
Convert -1340332 (base 5) to base 7.
-143305
What is -7e (base 15) in base 16?
-77
Convert -42243 (base 5) to base 11.
-2137
Convert 4041 (base 5) to base 13.
311
What is -153253 (base 6) in base 13?
-6aa7
What is -1023130 (base 4) in base 12?
-2964
-1000010 (base 3) to base 11
-606
Convert 8032 (base 9) to base 11.
4449
Convert b0 (base 14) to base 7.
310
-2122130 (base 4) to base 8
-23234
100200122 (base 3) to base 12
4108
2837 (base 10) to base 4
230111
Convert -1453 (base 10) to base 13.
-87a
8637 (base 12) to base 7
60643
2772 (base 9) to base 13
c4a
What is -4129 (base 10) in base 12?
-2481
What is b91 (base 14) in base 8?
4353
Convert 87d (base 16) to base 3.
2222111
Convert b627 (base 14) to base 6.
401203
What is 1324 (base 16) in base 15?
16ba
Convert -3242 (base 5) to base 4.
-12333
-2368 (base 13) to base 8
-11573
202102222 (base 3) to base 2
11101000110111
Convert -21222131 (base 4) to base 3.
-2000021222
Convert -1442 (base 5) to base 11.
-205
Convert 11526 (base 11) to base 15.
4dc0
-212211 (base 3) to base 8
-1203
Convert 121 (base 3) to base 12.
14
What is -110001100010111 (base 2) in base 7?
-133646
4304013 (base 5) to base 13
26c3c
Convert 19 (base 15) to base 6.
40
a1a1 (base 16) to base 15
c3d7
Convert -10102210111 (base 3) to base 5.
-4131043
Convert 1110111 (base 2) to base 7.
230
What is -312054 (base 6) in base 14?
-9202
11101212 (base 3) to base 10
3209
Convert 196 (base 12) to base 13.
16b
-311 (base 9) to base 15
-11d
What is -1270 (base 9) in base 2?
-1110111010
-424 (base 13) to base 6
-3134
Convert -3101223 (base 4) to base 14.
-4c67
What is -1215 (base 6) in base 10?
-299
-127a6 (base 12) to base 3
-1021202000
-80536 (base 9) to base 8
-147276
-4232 (base 5) to base 13
-348
Convert -433 (base 8) to base 3.
-101111
7020 (base 11) to base 6
111123
Convert -161b8 (base 12) to base 7.
-160340
Convert 322 (base 9) to base 3.
100202
What is -13420 (base 5) in base 12?
-786
What is 10001122111 (base 3) in base 2?
1110101101011010
333 (base 7) to base 4
2223
7741 (base 13) to base 4
10003213
What is -11 (base 14) in base 4?
-33
Convert d41 (base 14) to base 16.
a2d
What is 5517 (base 11) in base 8?
16156
What is -10001010110 (base 2) in base 4?
-101112
-21007 (base 10) to base 3
-1001211001
What is -7397 (base 10) in base 13?
-34a0
Convert 124251 (base 6) to base 4.
2301013
What is -442 (base 6) in base 5?
-1140
What is -11077 (base 8) in base 6?
-33343
What is -11424 (base 5) in base 15?
-3c9
What is -43077 (base 12) in base 6?
-1520231
Convert -340043 (base 5) to base 7.
-46455
What is -cfe0 (base 16) in base 14?
-15572
Convert -1580 (base 13) to base 15.
-deb
What is 1111101010011 (base 2) in base 9?
12000
Convert -1503 (base 6) to base 4.
-12033
140 (base 8) to base 16
60
Convert 1c9 (base 15) to base 6.
1530
1613 (base 9) to base 15
56c
What is -115513 (base 6) in base 9?
-15160
16393 (base 15) to base 3
10122100010
Convert 8c1 (base 13) to base 10.
1509
-585 (base 9) to base 14
-266
What is 2875 (base 11) in base 6?
25104
Convert 12012010 (base 3) to base 6.
25303
What is -21 (base 3) in base 10?
-7
What is -11152 (base 10) in base 15?
-3487
What is 2873 (base 11) in base 10?
3710
What is 12da (base 15) in base 11?
3034
-13256 (base 7) to base 4
-313301
Convert 21010011 (base 3) to base 5.
131223
What is -277 (base 15) in base 5?
-4222
-11728 (base 10) to base 13
-5452
-33b (base 14) to base 11
-533
What is -5700 (base 9) in base 12?
-2530
What is -1510 (base 13) in base 7?
-11623
-506c (base 14) to base 15
-4161
What is -21022 (base 4) in base 14?
-2dc
What is -1486 (base 11) in base 7?
-5365
101101000001001 (base 2) to base 14
8585
Convert 544 (base 8) to base 3.
111012
What is -404 (base 14) in base 2?
-1100010100
Convert 125 (base 12) to base 4.
2231
Convert -11e9 (base 15) to base 7.
-14064
-2531 (base 6) to base 13
-397
What is -403041 (base 5) in base 9?
-18618
Convert -8a49 (base 12) to base 2.
-11101111011001
What is 738 (base 14) in base 2?
10110001110
What is 103 (base 9) in base 7?
150
Convert 889 (base 10) to base 8.
1571
Convert -15b0b (base 12) to base 2.
-111100011111011
Convert 241063 (base 7) to base 16.
aa56
Convert -4303 (base 8) to base 3.
-10002002
-10110101101 (base 2) to base 16
-5ad
Convert 2b2 (base 12) to base 9.
518
What is 1433 (base 11) in base 12?
10a3
Convert 311 (base 9) to base 2.
11111101
Convert -22334 (base 5) to base 3.
-2012001
What is -1303 (base 6) in base 16?
-147
-2c5 (base 14) to base 13
-346
What is -25855 (base 11) in base 5?
-2140330
Convert -57 (base 15) to base 10.
-82
45250 (base 6) to base 5
200431
3896 (base 14) to base 7
40646
-4048 (base 16) to base 9
-24514
What is 10122 (base 3) in base 10?
98
What is 130541 (base 7) in base 15?
72de
Convert -40373 (base 8) to base 11.
-11553
Convert 10012 (base 4) to base 2.
100000110
What is -211010221 (base 3) in base 2?
-11111100010000
Convert -6312 (base 7) to base 12.
-1346
Convert 594 (base 16) to base 6.
10340
Convert 3ac (base 14) to base 4.
23210
2005 (base 6) to base 7
1163
What is -69a1 (base 12) in base 9?
-17144
Convert -28 (base 14) to base 5.
-121
-234 (base 10) to base 8
-352
-503 (base 6) to base 3
-20210
What is -220210 (base 3) in base 6?
-3033
Convert -1525 (base 8) to base 9.
-1147
1a2a (base 13) to base 12
232b
-b28 (base 13) to base 4
-131211
What is 7c0 (base 15) in base 12?
1023
Convert 11222 (base 9) to base 14.
2a1a
Convert -251021 (base 6) to base 7.
-121621
258 (base 14) to base 13
2a2
Convert -565 (base 10) to base 9.
-687
-11 (base 6) to base 2
-111
Convert 101000101 (base 2) to base 3.
110001
Convert 2450 (base 6) to base 11.
501
What is 1115 (base 8) in base 16?
24d
What is -4453 (base 11) in base 12?
-348a
-44340 (base 10) to base 7
-243162
What is 10576 (base 8) in base 12?
2712
Convert 20003 (base 4) to base 7.
1334
What is 1633 (base 9) in base 2?
10011011101
Convert 1825 (base 9) to base 15.
635
Convert 4321 (base 9) to base 16.
c6a
2d38 (base 14) to base 10
8086
-1a99 (base 12) to base 2
-110011010101
What is -1d8 (base 14) in base 2?
-110000010
-60156 (base 7) to base 16
-38a0
Convert -2a65 (base 11) to base 12.
-2347
Convert 664 (base 10) to base 12.
474
2977 (base 10) to base 3
11002021
What is 250300 (base 6) in base 12?
10990
Convert -2202021 (base 3) to base 15.
-8da
What is -f9 (base 16) in base 2?
-11111001
Convert 7b37 (base 13) to base 9.
25634
What is -415 (base 9) in base 2?
-101010010
What is 220202121 (base 3) in base 4?
10122010
What is 1548 (base 11) in base 13?
b9c
What is -1b5b (base 16) in base 14?
-27a3
What is -24033 (base 7) in base 13?
-2a8a
Convert 527 (base 12) to base 16.
2ef
What is -2002001 (base 4) in base 8?
-20201
351 (base 11) to base 15
1ce
Convert 28b (base 13) to base 8.
705
Convert -185 (base 9) to base 14.
-b4
141006 (base 7) to base 3
1100201010
-204 (base 9) to base 8
-246
-33440 (base 5) to base 16
-942
-12031 (base 9) to base 7
-32314
937 (base 13) to base 16
61f
What is 1490 (base 11) in base 7?
5403
What is 0 (base 16) in base 12?
0
What is -5252 (base 8) in base 2?
-101010101010
617 (base 10) to base 9
755
What is 110111001100001 (base 2) in base 16?
6e61
What is -378 (base 12) in base 3?
-201102
1220431 (base 5) to base 11
16509
-204042 (base 7) to base 3
-1210000220
What is 50d (base 14) in base 2?
1111100001
Convert -21120 (base 3) to base 9.
-246
What is 1039 (base 10) in base 4?
100033
-17b (base 16) to base 12
-277
What is 2a917 (base 13) in base 9?
132542
3413 (base 6) to base 11
669
What is -21055 (base 7) in base 4?
-1101001
What is -13132 (base 5) in base 16?
-412
-551 (base 10) to base 13
-335
What is -4041 (base 5) in base 2?
-1000001001
1020102 (base 3) to base 16